 the prime factors of h.
2, 3
Let i(l) = -26*l - 67. What are the prime factors of i(-14)?
3, 11
Let p be ((-2)/5)/((-9)/585). Let s = p - 8. List the prime factors of s.
2, 3
Let z(j) be the third derivative of 1/4*j**4 - j**2 + 1/6*j**3 + 0 + 0*j + 1/15*j**5 - 1/120*j**6. List the prime factors of z(5).
2, 3
Suppose -i + 29 = -0*i - 2*r, 3*r - 51 = -2*i. What are the prime factors of i?
3
Let v be (-392)/35*(-1 - 4). Let y = v + -37. Suppose -3*m = -f - y, -2*f + 0*f = -5*m + 31. What are the prime factors of m?
7
Let w(d) = -3*d**3 + 18*d**2 - 17*d + 2. Let n(u) = -u**3 + 6*u**2 - 6*u + 1. Let s(i) = 17*n(i) - 6*w(i). List the prime factors of s(6).
5
List the prime factors of (2/(-6))/(2/(-198)).
3, 11
Let j(g) = -4*g + 2. Let z(a) = 2*a**3 + 3*a**2 + 2*a - 1. Let v be z(-2). What are the prime factors of j(v)?
2, 19
Suppose 9 = -2*f + 4*c + 1, 4*c = f + 14. Let d be (f/4)/(6/128). Suppose 0*q - 5*q - w + d = 0, 4*w - 9 = -3*q. List the prime factors of q.
7
Let o be 8/36 - (-210)/27. Let h(i) = i + 1. Let b be h(-5). Let a = o + b. What are the prime factors of a?
2
Let g(r) be the first derivative of 4*r**3/3 - r + 3. Let x be g(1). Let k = 3 + x. What are the prime factors of k?
2, 3
Let x(f) = f**3 + f**2 + 5. Let a be x(0). Let h(g) = 4*g - 1. Let n be h(a). Let k = -4 + n. What are the prime factors of k?
3, 5
Let k(o) = 0*o**2 - 2*o**3 + 6*o**2 + o**3 + 5 - 4*o. What are the prime factors of k(5)?
2, 5
List the prime factors of (-250)/(-6) + 7/21.
2, 3, 7
Suppose 17 + 23 = -5*c. Let r be 6/c*20/(-5). What are the prime factors of 27/r + 0/(-2)?
3
Let v(y) = y**3 - 7*y**2 + 5*y + 3. Let q be v(6). List the prime factors of ((-5)/(-4))/(q/(-12)).
5
Let v(j) = 8*j - 9. What are the prime factors of v(7)?
47
Suppose -4*o = -2*h - 40, 5*o - 3*h = 10 + 38. Suppose 3*n + 0*n = o. What are the prime factors of n?
2
Let d be (30/(-10))/(6/(-4)). Let l(b) = 5*b**2 - 4*b + 2. What are the prime factors of l(d)?
2, 7
Let w(u) = 10*u**2 + 0*u**3 - 5 - 2 + 12*u - u**3. What are the prime factors of w(11)?
2
Suppose -4*p - p = -110. Let f(q) = q - 7. Let z be f(-5). What are the prime factors of (p/(-4))/(6/z)?
11
Let d = 234 + 9. List the prime factors of d.
3
Suppose 9*x - 4*x = 3*b + 6, 2*x = 5*b - 9. Suppose -x*y + 82 = 10. What are the prime factors of y?
2, 3
Let l(n) be the first derivative of -n**2/2 + 13*n - 2. Let o be l(10). Suppose 18 = o*u - 3*r, 5*u - r + 0*r - 42 = 0. What are the prime factors of u?
3
Let z be (-8)/3*3/(-2). Suppose -3*s = 5*w - z - 27, -2*s + 29 = 5*w. What are the prime factors of (w - 2)*30/9?
2, 5
What are the prime factors of ((-57)/2)/((-2)/8)?
2, 3, 19
Let y(k) = 11*k - 1. Let v be y(7). Suppose -4*l + v = 4*g, -4*l + 58 = -5*g + 9. What are the prime factors of l?
2
Suppose -243 + 1 = -l. What are the prime factors of l?
2, 11
Let c(m) = 3*m - 1. Let n be c(1). Let q be 16 + 1*6/n. Suppose -4*z + 33 + q = 0. What are the prime factors of z?
13
Let b = 12 + -7. Suppose 0*a - 3*a - 5*o = -28, -b*a + 26 = -2*o. List the prime factors of a.
2, 3
Let x(m) = -143*m + 1. Let p be x(-1). Suppose 3*j + j = p. What are the prime factors of j?
2, 3
Let m = -12 - -2. Let b = 15 + m. Suppose -50 - 10 = -b*s. List the prime factors of s.
2, 3
List the prime factors of (-351)/(-21) + 12/42.
17
Suppose 2 = -2*t - 6. List the prime factors of ((-9)/(-6))/((-2)/t).
3
Let x = -127 - -217. What are the prime factors of x?
2, 3, 5
Let m = -11 + 7. Let n be (-24)/10 + 4/10. Let v = n - m. List the prime factors of v.
2
Suppose x + 110 = 6*x. Let o = x - 10. What are the prime factors of o?
2, 3
Suppose -3*g = 2*n + 1, 5*g = g + 4*n + 32. Suppose 7 + g = 2*t. Suppose -4*k + 6*k + 73 = t*c, -2*c - 5*k = -6. What are the prime factors of c?
13
Suppose -4*d + 112 = 332. Let y = -36 - d. List the prime factors of y.
19
Let n be (2/(-4))/(2/116). Let k = -73 - -114. Let t = k + n. What are the prime factors of t?
2, 3
Let d be (-2 - 1)/((-6)/(-18)). Let z = d + 15. Let j = z - -1. List the prime factors of j.
7
Suppose 3*o = -3*l + 9, -1 = 2*l - l. Let g(w) = -w**3 + 6*w**2 - 3*w - 1. What are the prime factors of g(o)?
19
Let n = 8 - 8. Suppose -k + 4*w + 23 = -7, 3*k + 4*w - 74 = n. List the prime factors of k.
2, 13
Suppose -o + 6 = -2*o. Let w = -10 - 1. Let d = o - w. List the prime factors of d.
5
Let m(v) be the first derivative of -v**2 + 8*v + 5. List the prime factors of m(-9).
2, 13
Suppose 4*q + 1 = 5*g, 3*g - 5*g + q = -1. Let c(j) = -15*j. Let h(b) = -44*b. Let l(r) = 11*c(r) - 4*h(r). List the prime factors of l(g).
11
Let v = -3 - 2. Let k be (-1)/((-3)/3) - v. What are the prime factors of (12/9)/(4/k)?
2
Suppose 20 = 5*k + 85. Let d be (-15)/(-10) + k/(-2). Suppose 2*y + 0*y = -3*f + 29, 2*y - d = 0. List the prime factors of f.
7
Let g = 189 - 136. What are the prime factors of g?
53
Let u = 7 + -1. Suppose 5*c + 0*p = 3*p + 163, -2*p = 5*c - 158. Suppose -i = -2*g - u*i + 31, 4*g + 4*i = c. What are the prime factors of g?
3
Let o(c) = -c**3 - 7*c**2 - c - 3. Let b(d) = d**2. Let p(g) = -3*b(g) - o(g). What are the prime factors of p(-3)?
3
Let s be -1*(-2)/(-2)*-4. Let r(h) = h + 1. Let l be r(s). Let m = l - -4. What are the prime factors of m?
3
Suppose -12*n + 64 = -11*n. List the prime factors of n.
2
Suppose -3*x - x = -4*g + 8, 0 = -2*g + 8. Suppose -x = -4*n + 6, -5*p - 2*n = -84. List the prime factors of p.
2
Let v be (0 + 1)*2 + -2. Suppose v = -5*z + 2*z + 48. What are the prime factors of z?
2
Let d = 3 - -58. List the prime factors of d.
61
What are the prime factors of (-5 + 6)/(((-12)/159)/(-4))?
53
Let p = 82 - 56. List the prime factors of p.
2, 13
Suppose -2*r = -7*r - 15. Let n be (4/r)/((-10)/(-60)). Let w(q) = q**2 + 8*q + 8. What are the prime factors of w(n)?
2
Let h = -20 + 40. What are the prime factors of h?
2, 5
Let t(h) = -h**3 + 7*h**2 + h - 7. Let a be t(7). Suppose a*n = -3*n + 114. List the prime factors of n.
2, 19
Suppose r + 2*r - 105 = 0. Let z = 65 - r. List the prime factors of z.
2, 3, 5
Let f(w) = -w + 4. Let r be f(5). Let d(i) be the second derivative of -3*i**3/2 - i**2/2 + i. List the prime factors of d(r).
2
Suppose -9*t + 5*t + 348 = 0. What are the prime factors of t?
3, 29
Let o = 38 - 70. Let u = o + 71. What are the prime factors of u?
3, 13
Let s(v) = -v**3 - 3*v**2 + 4*v + 7. What are the prime factors of s(-5)?
37
Let m(z) = -z**3 + 4*z**2 + 2*z - 4. Let r be m(4). Suppose -2*n - r = -3*n. Suppose -n*c = -9*c + 50. List the prime factors of c.
2, 5
Let t be -3*(1 - 60/9). Suppose 3*i + 0*i = -3, 0 = -a + i + t. What are the prime factors of a?
2
Let v(x) = 4*x**2 + x. Let y be v(1). Suppose 0 = -y*h + 6*h - 30. List the prime factors of h.
2, 3, 5
Let j(p) = 5*p**3 - 3*p - 4*p**3 + p - 3*p**2 - 4 - 1. What are the prime factors of j(4)?
3
Let r(l) = l**3 - 2*l**2 + 3*l + 2. What are the prime factors of r(3)?
2, 5
Let m = -7 - -11. Suppose -30 = m*p + 542. What are the prime factors of (p/(-22))/((-2)/(-4))?
13
Let d = -405 + 772. List the prime factors of d.
367
Suppose -3*m + 3*r + 6 = -0, -2*r = 2*m + 12. Let f = 9 - m. List the prime factors of f.
11
Suppose -94 = -3*o - 2*y, -o - 4*y + 2*y = -26. Let s = o - 16. What are the prime factors of s?
2, 3
Let j(u) be the second derivative of -u**6/720 + u**5/20 + u**4/6 + u. Let v(b) be the third derivative of j(b). What are the prime factors of v(-5)?
11
Suppose -3*t = -5*n - 290, -7*t = -3*t - 3*n - 405. List the prime factors of t.
3, 5, 7
Suppose -2*g + 41 - 358 = -5*m, -3*m + 3 = 0. What are the prime factors of 10/(-55) + g/(-11)?
2, 7
Let k(u) = 2*u**2 + 5*u - 7. Let h be k(-5). Suppose 3*z + 1 = -j, 0*j + 2*j = -z + h. List the prime factors of j.
11
Suppose -83 = -4*w + 97. List the prime factors of w.
3, 5
Let g(o) = o + 7. Let m be g(-9). Let u be 2/m + (-1 - -2). Suppose u = d - 3*z - 5, -4*z = -0*d - 2*d + 8. What are the prime factors of d?
2
Let o = -13 + 28. List the prime factors of (-76)/(-6)*o/10.
19
Suppose 4*f = -2*w + 140, -w - 2*w - 130 = -4*f. List the prime factors of f.
2, 17
Let x = -5 + 7. Suppose -x*s + 0*s + 8 = 0. Let u(t) = 3*t - 6. List the prime factors of u(s).
2, 3
Let x(v) = -v + 10. Let z be (15/(-6))/(2/(-4)). Let d be x(z). Suppose 4*l = y - d - 5, -l + 10 = y. List th